**3 - 15*o**2 + o - 22. Give h(15).
-7
Let n(s) = -4*s - 9. Give n(4).
-25
Let w(o) = -3*o - 1. Give w(2).
-7
Let m(b) = b**2 - 19. What is m(5)?
6
Let t(f) = -f**3 + 10*f**2 - 5*f - 8. Give t(10).
-58
Let z(i) = 10*i - 26. Give z(3).
4
Let r(o) = -2*o + 4. Determine r(-7).
18
Let i(l) = 5*l - 68. Give i(15).
7
Let n(o) = -9*o - 4. Determine n(7).
-67
Let a(r) = -5*r + 101. Determine a(17).
16
Let p(o) = -3*o**3 + o**2 - 12*o + 42. Determine p(3).
-66
Let s(t) = -t**3 + 16*t**2 + 55*t + 43. What is s(19)?
5
Let p(s) = 3*s**2 + 30*s + 7. What is p(-9)?
-20
Let x(l) = l**2 + 6*l - 6. What is x(-7)?
1
Let f(q) = 7*q + 122. Calculate f(-16).
10
Let v(x) = -x**3 - 5*x**2 - x - 1. Calculate v(-5).
4
Let t(c) = -4*c - 51. Calculate t(-14).
5
Let p(f) = 10*f - 6. Calculate p(3).
24
Let n(s) = -s**3 + 37*s**2 - 131*s - 31. Determine n(33).
2
Let s(w) = 5*w - 3. Give s(-2).
-13
Let p(j) = 2*j + 18. What is p(-7)?
4
Let s(p) = p**3 + 26*p**2 - 26*p + 33. Give s(-27).
6
Let b(q) = q**3 + 10*q**2 - 17*q - 26. Give b(-11).
40
Let w(q) = -q**3 - 2*q**2 + 3*q - 5. Determine w(3).
-41
Let k(p) = -p**3 + 4*p**2 - 3*p + 6. Calculate k(4).
-6
Let i(u) = -u + 26. What is i(24)?
2
Let w(j) = -2*j**3 - 38*j**2 + 2*j + 24. Give w(-19).
-14
Let x(p) = p**3 - 3*p**2 - 6*p - 5. What is x(5)?
15
Let a(y) = -y**3 + 7*y**2 - y + 10. What is a(7)?
3
Let i(t) = t**2 + 4*t + 3. Calculate i(-6).
15
Let z(d) = 45*d**2 + 2*d - 1. Calculate z(1).
46
Let j(s) = -s**2 - 13*s - 21. Give j(-9).
15
Let v(s) = s**3 - 9*s**2 - 23*s + 14. Determine v(11).
3
Let u(n) = -3*n**3 - 107*n**2 - 71*n + 7. Determine u(-35).
42
Let x(d) = -d**3 - 2*d**2 - d + 163. Determine x(0).
163
Let p(v) = 7*v**2 + v + 1. Calculate p(-1).
7
Let h(z) = -3*z + 20. Give h(17).
-31
Let r(u) = -u**3 - 17*u**2 + 40*u + 40. Calculate r(-19).
2
Let o(c) = 8*c + 1. Determine o(1).
9
Let r(o) = 3*o**2 - 16*o + 8. Calculate r(5).
3
Let i(m) = -m**2 + 15*m - 37. Determine i(10).
13
Let f(v) = 5*v - 67. Determine f(15).
8
Let t(n) = -n**2 - 14*n - 40. Give t(-5).
5
Let a(s) = s**3 + 9*s**2 + 15*s - 14. Calculate a(-7).
-21
Let f(x) = x**3 + 13*x**2 + 29*x + 5. Calculate f(-10).
15
Let b(w) = -w**2 - 27*w - 171. What is b(-10)?
-1
Let x(j) = j**2 - 23*j - 29. Determine x(24).
-5
Let l(a) = 2*a**2 - a + 1. What is l(-4)?
37
Let h(i) = -i**2 - 3*i - 6. What is h(-4)?
-10
Let u(v) = -14*v + 9. What is u(11)?
-145
Let k(j) = -j + 15. Give k(8).
7
Let x(t) = 2*t**2 + 13*t + 13. What is x(-8)?
37
Let m(j) = j + 36. What is m(0)?
36
Let t(j) = 2*j + 7. Determine t(6).
19
Let q(k) = -k**3 + 15*k**2 - 13*k - 17. Calculate q(14).
-3
Let g(j) = 2*j**2 + 21*j + 9. Calculate g(-10).
-1
Let x(g) = g**3 + 8*g**2 - 10*g + 7. Determine x(-9).
16
Let m(n) = -n**2 + 19*n + 126. Determine m(24).
6
Let x(n) = -2*n**3 + 27*n**2 - 8*n - 73. What is x(13)?
-8
Let x(o) = -o**3 - 5*o**2 + 9*o + 10. What is x(-5)?
-35
Let f(y) = -4*y**3 - y + 2. Determine f(1).
-3
Let j(n) = n**3 - 6*n**2 - n + 6. Calculate j(6).
0
Let b(j) = 3*j**3 - 2*j**2 + 4*j - 2. Calculate b(1).
3
Let y(n) = 6*n + 95. Give y(-25).
-55
Let b(p) = 11*p - 68. Calculate b(7).
9
Let c(m) = -m**3 + 3*m**2 + 6*m - 2. What is c(4)?
6
Let q(i) = i**3 + 20*i**2 - 48*i - 17. What is q(-22)?
71
Let z(y) = -2*y**3 + 19*y**2 - 5*y - 16. Give z(9).
20
Let a(o) = o**3 - 4*o**2 - 12*o + 3. Calculate a(6).
3
Let s(j) = j + 16. What is s(17)?
33
Let g(n) = 25*n - 236. What is g(9)?
-11
Let h(x) = x - 10. Calculate h(5).
-5
Let u(i) = 2*i**2 + 6. What is u(-3)?
24
Let j(d) = 11*d**2 - 3*d + 4. Give j(2).
42
Let y(n) = 2*n**2 + 10*n + 12. Calculate y(-6).
24
Let m(g) = -7*g**2 + g - 6. What is m(-3)?
-72
Let z(o) = -4*o**2 - o - 1. What is z(-1)?
-4
Let x(n) = n**3 - 8*n**2 + 8*n + 2. Give x(7).
9
Let d(b) = b**3 + 32*b**2 + 60*b - 6. What is d(-30)?
-6
Let r(u) = -u - 90. What is r(0)?
-90
Let c(z) = -3*z - 56. Determine c(-15).
-11
Let l(z) = -z**2 - 9*z - 20. Give l(-4).
0
Let u(r) = -r**3 + 36*r**2 - 33*r - 73. Determine u(35).
-3
Let s(m) = -m**2 - 12*m - 16. Give s(-10).
4
Let z(i) = -6*i**2 - 3*i - 1. Determine z(-2).
-19
Let l(o) = -o**2 + 16*o - 7. Give l(14).
21
Let k(j) = -j**2 - 6*j + 18. Determine k(-8).
2
Let g(f) = f**3 - 13*f**2 + 23*f - 4. What is g(11)?
7
Let x(c) = -15*c - 2. Determine x(4).
-62
Let b(c) = -3*c + 63. Give b(18).
9
Let h(s) = -s**3 + 11*s**2 + 10*s + 12. Give h(12).
-12
Let c(i) = 2*i**2 + 9*i - 11. Calculate c(-6).
7
Let x(t) = -2*t**2 + 14*t + 1. Give x(7).
1
Let r(a) = 4*a**3 - 2*a**2 + a + 1. Calculate r(1).
4
Let t(m) = m**2 + 6*m. What is t(-5)?
-5
Let v(x) = 6*x**2 - x. Calculate v(1).
5
Let j(u) = -10*u - 164. Determine j(-16).
-4
Let s(z) = z**3 - 6*z**2 + 4*z - 6. What is s(4)?
-22
Let n(k) = k**3 - 8*k**2 + 13*k - 42. What is n(7)?
0
Let a(r) = -r**2 - 10*r + 60. What is a(-15)?
-15
Let h(c) = c**2 - 24*c + 13. What is h(22)?
-31
Let c(a) = a**3 + 10*a**2 + 17*a + 14. What is c(-8)?
6
Let i(f) = -5*f**2 + 3*f + 17. Calculate i(-5).
-123
Let n(h) = h**3 - 5*h**2 + 1. Give n(5).
1
Let i(k) = k**2 + 5*k - 1. Give i(-4).
-5
Let z(g) = g**2 - 43*g + 125. Determine z(3).
5
Let a(c) = -c**3 + 8*c**2 - 7*c. Calculate a(5).
40
Let l(j) = j**3 - 16*j**2 - 2*j + 5. Determine l(16).
-27
Let s(z) = -5*z**2 - 3*z + 3. Calculate s(-4).
-65
Let l(q) = 9*q + 8. Calculate l(-4).
-28
Let p(r) = -r**3 + 9*r**2 + 23*r - 3. Calculate p(11).
8
Let j(q) = -q**3 + 6*q**2 + q - 8. What is j(6)?
-2
Let r(w) = w**2 - 11*w + 12. Calculate r(7).
-16
Let k(s) = -s**3 - s + 12. What is k(0)?
12
Let v(o) = o**2 + 11*o - 12. Calculate v(-6).
-42
Let r(u) = 2*u**3 + 17*u**2 + 4*u - 8. Determine r(-8).
24
Let w(m) = m - 7. Determine w(6).
-1
Let x(a) = -a**2 - 7*a - 7. Give x(-6).
-1
Let l(z) = z**2 + 12*z - 30. Determine l(-14).
-2
Let g(k) = k**2 - 15*k + 8. Determine g(0).
8
Let o(g) = -g**2 - 5*g + 58. Give o(6).
-8
Let k(o) = 12*o + 3. Give k(-3).
-33
Let x(z) = -2*z**3 + 10*z**2 - 3*z + 8. Determine x(5).
-7
Let d(l) = -l**3 + 11*l**2 - 8*l - 25. Determine d(10).
-5
Let o(u) = 2*u**2 + 38*u + 29. Calculate o(-18).
-7
Let p(f) = -f - 4. Calculate p(-8).
4
Let p(b) = 10*b + 22. Determine p(-2).
2
Let x(d) = 2*d - 5. Determine x(-9).
-23
Let x(p) = -p. Give x(-6).
6
Let y(f) = -f**3 - 2*f**2 + 4*f + 2. Calculate y(-3).
-1
Let z(w) = -w + 16. Give z(12).
4
Let q(y) = 4*y + 98. Determine q(-21).
14
Let c(a) = a**3 + 8*a**2 + 3*a - 10. Determine c(-7).
18
Let i(n) = -n**3 + 8*n**2 - 5*n - 14. What is i(7)?
0
Let a(x) = x**3 - 6*x**2 + 4*x + 8. Calculate a(4).
-8
Let z(x) = 16*x + 19. Give z(-9).
-125
Let m(q) = -4*q - 73. Determine m(-17).
-5
Let h(q) = 45*q + 530. Give h(-12).
-10
Let b(r) = -21*r - 2. What is b(1)?
-23
Let w(x) = 2*x**2 + 2*x. What is w(-1)?
0
Let q(m) = m**2 - 40*m + 235. Calculate q(33).
4
Let d(h) = -h - 22. Give d(-17).
-5
Let j(x) = -x**2 - 16*x - 69. Give j(-11).
-14
Let w(z) = -11*z - 618. What is w(-56)?
-2
Let j(y) = y + 1. Give j(-7).
-6
Let n(o) = -o**3 + 5*o**2 - 2*o - 1. Calculate n(5).
-11
Let u(m) = 2*m**3 + 20*m**2 - m + 4. Calculate u(-10).
14
Let w(p) = 4*p - 28. Calculate w(7).
0
Let r(f) = -3*f + 10. Determine r(10).
-20
Let d(l) = -l**3 + 3*l**2 - 2. What is d(2)?
2
Let v(n) = -2*n**3 - 8*n**2 - 12*n - 2. Determine v(-2).
6
Let a(b) = b**3 - 30. Determine a(0).
-30
Let c(f) = 65*f - 11. What is c(-3)?
-206
Let c(s) = s**2 + 5*s - 2. What is c(-4)?
-6
Let d(b) = 54*b - 75. Determine d(2).
33
Let d(v) = -v**3 + 3*v**2 - 5*v + 4. What is d(3)?
-11
Let u(p) = 3*p**2 + 20*p + 36. Calculate u(-4).
4
Let d(m) = m**3 + 2*m**2 - 26*m + 2. Calculate d(4).
-6
Let c(y) = -y**2 + y + 4. Give c(3).
-2
Let h(k) = k**3 - 2*k + 1. Give h(1).
0
Let h(r) = -r**2 - 14*r + 2. Calculate h(-9).
47
Let c(k) = 29*k**3 + 2*k**2 + k. Determine c(-1).
-28
Let c(d) = -d + 12. Give c(5).
7
Let d(u) = u**3 - 3*u**2 - 23*u + 14. Give d(6).
-16
Let c(h) = -h**3 - 6*h**2 - 3*h + 1. Calculate c(-3).
-17
Let x(j) = -j**3 + 5*j**2 - 8*j + 13. Determine x(4).
-3
Let n(v) = -4*v + 10. What is n(-5)?
30
Let k(u) = u**2 + 12*u - 20. Calculate k(-10).
-40
Let p(z) = 2*z**2 + 14*z - 14. What is p(-11)?
74
Let f(n) = -n**2 - 11*n + 8. What is f(-11)?
8
Let l(d) = -d**3 - 4*d**2 + d + 6. Calculate l(-4).
2
Let f(b) = 2*b**3 + 24*b**2 + 23*b + 4. Give f(-11).
-7
Let i(x) = x**3 + 6*x**2 